{"id":2065,"date":"2021-11-05T12:49:26","date_gmt":"2021-11-05T11:49:26","guid":{"rendered":"http:\/\/pp32wloclawek.pl\/?page_id=2065"},"modified":"2021-11-05T12:49:26","modified_gmt":"2021-11-05T11:49:26","slug":"adaptacja","status":"publish","type":"page","link":"https:\/\/pp32wloclawek.pl\/?page_id=2065","title":{"rendered":"Adaptacja"},"content":{"rendered":"<p><strong>Drodzy Rodzice,<\/strong><\/p>\n<p>Cieszymy si\u0119, \u017ce Wasze dziecko b\u0119dzie ucz\u0119szcza\u0142o do naszego przedszkola. W pracy wychowawczej uczymy naszych podopiecznych warto\u015bci takich jak: prawda, dobro, przyja\u017a\u0144, odpowiedzialno\u015b\u0107, szacunek, tolerancja.<\/p>\n<p>Zapraszamy do aktywnego w\u0142\u0105czenia si\u0119 w funkcjonowanie naszej plac\u00f3wki. Na pierwszym spotkaniu zaproponujemy Pa\u0144stwu formy wsp\u00f3\u0142dzia\u0142ania i przedstawimy nasze oczekiwania. Bardzo liczymy na konkretne uwagi i propozycje, a tak\u017ce przedstawienie swoich oczekiwa\u0144 w stosunku do przedszkola i nauczycieli.<\/p>\n<p>Zale\u017cy nam, aby nasza wsp\u00f3\u0142praca z Rodzicami zapewni\u0142a dziecku jak najlepsze warunki do wszechstronnego rozwoju, zdobywania wiedzy i umiej\u0119tno\u015bci, kszta\u0142towania osobowo\u015bci i rozwijania talent\u00f3w.<\/p>\n<p><strong>Wskaz\u00f3wki dla Rodzic\u00f3w- <em>Jak u\u0142atwi\u0107 dziecku start w przedszkolu?<\/em><\/strong><\/p>\n<ul>\n<li>\u00a0w pierwszych dniach pobytu dziecka w przedszkolu w miar\u0119 mo\u017cliwo\u015bci odbieramy je wcze\u015bniej;<\/li>\n<li>\u00a0nie sk\u0142adamy obietnic, kt\u00f3rych nie mo\u017cemy wype\u0142ni\u0107 (nie m\u00f3wimy dziecku, \u017ce przyjdziemy po nie wcze\u015bniej, kiedy jest to niemo\u017cliwe);<\/li>\n<li>\u00a0stosujemy zasad\u0119 kr\u00f3tkiego po\u017cegnania;<\/li>\n<li>\u00a0pozwalamy dziecku zabra\u0107 ulubion\u0105 zabawk\u0119;<\/li>\n<li>\u00a0wdra\u017camy dziecko do przestrzegania um\u00f3w i zasad;<\/li>\n<li>\u00a0nie wyr\u0119czamy dziecka- przyzwyczajamy do samoobs\u0142ugi;<\/li>\n<li>\u00a0przygotowujemy dziecku wygodny str\u00f3j do samodzielnego ubierania si\u0119;<\/li>\n<li>\u00a0cieszymy si\u0119 i okazujemy zadowolenie z ka\u017cdego przejawu samodzielno\u015bci dziecka;<\/li>\n<li>\u00a0zachowujemy cierpliwo\u015b\u0107;<\/li>\n<li>\u00a0jeste\u015bmy systematyczni i konsekwentni;<\/li>\n<li>\u00a0dostarczamy dziecku do\u015bwiadcze\u0144 przebywania z innymi doros\u0142ymi, bycia bez mamy;<\/li>\n<li>\u00a0umo\u017cliwiamy kontakty z innymi dzie\u0107mi;<\/li>\n<li>\u00a0nie zabieramy dziecka do domu, kiedy p\u0142acze przy rozstaniu, je\u015bli to zrobimy raz, dziecko b\u0119dzie wiedzia\u0142o, \u017ce \u0142zami mo\u017cna wymusi\u0107 wszystko;<\/li>\n<li>nie wymuszamy na dziecku, \u017ceby zaraz po przedszkolu opowiada\u0142o o swoich prze\u017cyciach, to powoduje niepotrzebny stres.<\/li>\n<\/ul>\n<p><strong>Przyk\u0142adowa wyprawka dla trzylatka:<\/strong><\/p>\n<ul>\n<li>kapcie na rzepy;<\/li>\n<li>wygodny, swobodny ubi\u00f3r;<\/li>\n<li>na zmian\u0119: majtki, skarpetki, spodnie, bluzka (w podpisanym worku);<\/li>\n<li>w miar\u0119 mo\u017cliwo\u015bci podpisa\u0107 rzeczy dziecka, np. na metce, kapcie na podeszwie;<\/li>\n<li>chusteczki higieniczne w pude\u0142ku.<\/li>\n<\/ul>\n<p>Szczeg\u00f3\u0142owe informacje zostan\u0105 przekazane Pa\u0144stwu na wrze\u015bniowym zebraniu.<\/p>\n<p><strong>UDANE<\/strong> <strong>W\u0141\u0104CZENIE DZIECKA DO GRUPY PRZEDSZKOLNEJ MA OGROMNE ZNACZENIE DLA DALSZEGO ROZWOJU!<\/strong><\/p>\n","protected":false},"excerpt":{"rendered":"<p>Drodzy Rodzice, Cieszymy si\u0119, \u017ce Wasze dziecko b\u0119dzie ucz\u0119szcza\u0142o do naszego przedszkola. W pracy wychowawczej uczymy naszych podopiecznych warto\u015bci takich jak: prawda, dobro, przyja\u017a\u0144, odpowiedzialno\u015b\u0107, szacunek, tolerancja. Zapraszamy do aktywnego&hellip;<\/p>\n<div class=\"read-more\"><a href=\"https:\/\/pp32wloclawek.pl\/?page_id=2065\" class=\"read-more-link\">czytaj wi\u0119cej&#8230;<\/a><\/div>\n","protected":false},"author":1,"featured_media":0,"parent":0,"menu_order":0,"comment_status":"closed","ping_status":"closed","template":"","meta":{"two_page_speed":[],"footnotes":""},"class_list":["post-2065","page","type-page","status-publish","hentry"],"_links":{"self":[{"href":"https:\/\/pp32wloclawek.pl\/index.php?rest_route=\/wp\/v2\/pages\/2065","targetHints":{"allow":["GET"]}}],"collection":[{"href":"https:\/\/pp32wloclawek.pl\/index.php?rest_route=\/wp\/v2\/pages"}],"about":[{"href":"https:\/\/pp32wloclawek.pl\/index.php?rest_route=\/wp\/v2\/types\/page"}],"author":[{"embeddable":true,"href":"https:\/\/pp32wloclawek.pl\/index.php?rest_route=\/wp\/v2\/users\/1"}],"replies":[{"embeddable":true,"href":"https:\/\/pp32wloclawek.pl\/index.php?rest_route=%2Fwp%2Fv2%2Fcomments&post=2065"}],"version-history":[{"count":1,"href":"https:\/\/pp32wloclawek.pl\/index.php?rest_route=\/wp\/v2\/pages\/2065\/revisions"}],"predecessor-version":[{"id":2067,"href":"https:\/\/pp32wloclawek.pl\/index.php?rest_route=\/wp\/v2\/pages\/2065\/revisions\/2067"}],"wp:attachment":[{"href":"https:\/\/pp32wloclawek.pl\/index.php?rest_route=%2Fwp%2Fv2%2Fmedia&parent=2065"}],"curies":[{"name":"wp","href":"https:\/\/api.w.org\/{rel}","templated":true}]}}