{"id":1800,"date":"2021-09-24T11:14:45","date_gmt":"2021-09-24T09:14:45","guid":{"rendered":"http:\/\/pp32wloclawek.pl\/?page_id=1800"},"modified":"2021-10-13T13:08:05","modified_gmt":"2021-10-13T11:08:05","slug":"integracja","status":"publish","type":"page","link":"https:\/\/pp32wloclawek.pl\/?page_id=1800","title":{"rendered":"Integracja"},"content":{"rendered":"<p><strong>Integracja<\/strong> \u2013 w szerokim znaczeniu wyra\u017ca si\u0119 w takim wzajemnym stosunku pe\u0142no \u2013 i niepe\u0142nosprawnych, w kt\u00f3rym s\u0105 respektowane takie same prawa, licz\u0105 si\u0119 takie same warto\u015bci, w kt\u00f3rych stwarza si\u0119 obu grupom identyczne warunki do maksymalnego, wszechstronnego rozwoju (Wikipedia).<\/p>\n<p>Dzia\u0142alno\u015b\u0107 przedszkola integracyjnego polega na w\u0142\u0105czaniu dzieci z niepe\u0142nosprawno\u015bciami do grupy pe\u0142nosprawnych r\u00f3wie\u015bnik\u00f3w z zachowaniem takich samych praw i obowi\u0105zk\u00f3w poprzez stworzenie najlepszych warunk\u00f3w do rozwoju.<\/p>\n<p>W naszym przedszkolu funkcjonuj\u0105 dwie grupy integracyjne: Dru\u017cyna Kubusia Puchatka i Teletubisie.<\/p>\n<p>Liczba dzieci w grupie integracyjnej nie przekracza 20 dzieci. Prac\u0119 w grupie prowadz\u0105 nauczyciele wychowania przedszkolnego oraz nauczyciele specjali\u015bci. Korzy\u015bci z ucz\u0119szczania do takiej grupy czerpi\u0105 zar\u00f3wno dzieci o specjalnych potrzebach edukacyjnych, jak i dzieci pe\u0142nosprawne.<\/p>\n<p>Dzieci z niepe\u0142nosprawno\u015bciami dzi\u0119ki kontaktom ze zdrowymi r\u00f3wie\u015bnikami nabieraj\u0105 wi\u0119kszej pewno\u015bci siebie i wiary we w\u0142asne mo\u017cliwo\u015bci, a tak\u017ce staraj\u0105 si\u0119 pokonywa\u0107 w\u0142asne ograniczenia. Dzieci wchodz\u0105 w interakcje z r\u00f3wie\u015bnikami w miejscu, w kt\u00f3rym czuj\u0105 si\u0119 bezpieczne i akceptowane.<\/p>\n<p>Natomiast dzieci pe\u0142nosprawne:<\/p>\n<p>&#8211; ucz\u0105 si\u0119 tolerancji, empatii, szacunku dla odmienno\u015bci,<\/p>\n<p>&#8211; uwra\u017cliwiaj si\u0119 na sytuacj\u0119 innych,<\/p>\n<p>&#8211; kszta\u0142tuj\u0105 w sobie ch\u0119\u0107 bezinteresownego niesienia pomocy.<\/p>\n<p>&nbsp;<\/p>\n<p>W naszym przedszkolu integracja polega tak\u017ce na uwra\u017cliwianiu ca\u0142ej spo\u0142eczno\u015bci przedszkolnej na sytuacj\u0119 os\u00f3b z niepe\u0142nosprawno\u015bciami. Odbywa si\u0119 to poprzez organizowanie w plac\u00f3wce wyj\u0105tkowych wydarze\u0144 takich jak:<\/p>\n<p>&#8211; <strong>Tydzie\u0144 integracyjny<\/strong> \u2013 to wyj\u0105tkowy tydzie\u0144 w naszym przedszkolu organizowany co roku wiosn\u0105 pod r\u00f3\u017cnymi has\u0142ami przewodnimi. Podczas 5 dni odbywaj\u0105 si\u0119 wsp\u00f3lne zabawy, konkursy, spotkania z wa\u017cnymi go\u015b\u0107mi.<\/p>\n<p>&#8211; <strong>\u015awiatowy Dzie\u0144 Dzieci\u0119cego Pora\u017cenia M\u00f3zgowego<\/strong> \u2013 to \u015bwi\u0119to obchodzone 6 pa\u017adziernika maj\u0105ce na celu uwra\u017cliwienie na sytuacj\u0119 ponad 17 milion\u00f3w os\u00f3b z MPD, czyli dzieci\u0119cym pora\u017ceniem m\u00f3zgowym oraz ich bliskich.<\/p>\n<p>&#8211; <strong>Mi\u0119dzynarodowy Dzie\u0144 Bia\u0142ej Laski<\/strong> \u2013 to \u015bwi\u0119to obchodzone 15 pa\u017adziernika, kt\u00f3rego celem jest uwra\u017cliwienie na sytuacj\u0119 os\u00f3b niewidomych i s\u0142abowidz\u0105cych. Nasze przedszkole w\u0142\u0105cza si\u0119 w uroczyste obchody tego dnia organizuj\u0105c pokazy, wsp\u00f3lne zabawy i spotkania z zaproszonymi go\u015b\u0107mi. Dzi\u0119ki temu otrzymali\u015bmy certyfikat \u201ePrzedszkola przyjaznego osobom niewidomym\u201d.<\/p>\n<p>&#8211; <strong>Mi\u0119dzynarodowy Dzie\u0144 Os\u00f3b Niepe\u0142nosprawnych<\/strong> \u2013 to \u015bwi\u0119to obchodzone 3 grudnia maj\u0105ce na celu uwra\u017cliwienie na sytuacj\u0119 os\u00f3b z r\u00f3\u017cnego rodzaju niepe\u0142nosprawno\u015bciami. Nasze przedszkole od lat podczas tego wyj\u0105tkowego dnia \u015bwi\u0119tuje z zaprzyja\u017anionymi przedszkolakami z przedszkola przy Zespole Szk\u00f3\u0142 Nr 3 we W\u0142oc\u0142awku.<\/p>\n<p>&#8211; <strong>\u015awiatowy Dzie\u0144 Zespo\u0142u Downa<\/strong> &#8211; \u00a0to \u015bwi\u0119to obchodzone 21 marca maj\u0105ce na celu uwra\u017cliwienie na sytuacj\u0119 os\u00f3b z Zespo\u0142em Downa i ich bliskich. Co roku spo\u0142eczno\u015b\u0107 naszego przedszkola w\u0142\u0105cza si\u0119 w obchody tego wyj\u0105tkowego dnia. Najbardziej widocznym znakiem naszej integracji z osobami z zespo\u0142em downa i ich bliskimi jest symbol tego \u015bwi\u0119ta, czyli dwie r\u00f3\u017cne, kolorowe skarpetki, kt\u00f3re tego dnia wszyscy mamy na nogach.<\/p>\n<p>&#8211; <strong>\u015awiatowy Dzie\u0144 Autyzmu <\/strong>\u2013 to \u015bwi\u0119to obchodzone 2 kwietnia maj\u0105ce na celu uwra\u017cliwienie na sytuacj\u0119 os\u00f3b z autyzmem i zespo\u0142em Aspergera oraz ich bliskich. Co roku nasze przedszkole \u201e\u015bwieci si\u0119 na niebiesko\u201d na znak w\u0142\u0105czenia si\u0119 w obchody tego wyj\u0105tkowego dnia.<\/p>\n<p>&#8211; <strong>Grupa wsparcia dla rodzic\u00f3w<\/strong> \u2013 to spotkania odbywaj\u0105ce si\u0119 przynajmniej dwa razy w roku z rodzicami dzieci ze specjalnymi potrzebami edukacyjnymi. Na te spotkania zapraszamy psycholog\u00f3w, pedagog\u00f3w i innych specjalist\u00f3w, kt\u00f3rzy wspieraj\u0105 rodzic\u00f3w w procesie wychowawczym dzieci.<\/p>\n<p>&nbsp;<\/p>\n<p>Szerz\u0105c ide\u0119 integracji wsp\u00f3\u0142pracujemy z instytucjami dzia\u0142aj\u0105cymi na rzecz os\u00f3b z niepe\u0142nosprawno\u015bciami tj. mi\u0119dzy innymi z Pe\u0142nomocnikiem Prezydenta Miasta W\u0142oc\u0142awek ds. Os\u00f3b z Niepe\u0142nosprawno\u015bciami Pani\u0105 Agnieszk\u0105 Chmielewsk\u0105,\u00a0 \u00a0Zespo\u0142em Szk\u00f3\u0142 nr 3 we W\u0142oc\u0142awku, Zespo\u0142em Szk\u00f3\u0142 Integracyjnych nr 5 we W\u0142oc\u0142awku, Poradni\u0105 Psychologiczno \u2013 Pedagogiczn\u0105 we W\u0142oc\u0142awku, Polskim Zwi\u0105zkiem Niewidomych, O\u015brodkiem Rehabilitacji Dzieci Niepe\u0142nosprawnych na ul. Radosnej. Planujemy nawi\u0105zanie wsp\u00f3\u0142pracy ze \u017b\u0142obkiem integracyjnym.<\/p>\n<p>W celu zapewnienia dzieciom mo\u017cliwo\u015bci wszechstronnego rozwoju nauczyciele pracuj\u0105cy w grupach integracyjnych nieustannie podnosz\u0105 swoje kwalifikacje i kompetencje zawodowe uczestnicz\u0105c w szkoleniach z zakresu pedagogiki korekcyjnej i specjalnej. Ponadto wyposa\u017camy sale w nowoczesne pomoce dydaktyczne takie jak np.: tablica multimedialna, magiczny dywan, laptop z programami przystosowanymi do pracy z dzie\u0107mi ze specjalnymi potrzebami edukacyjnymi. Dzieci obj\u0119te s\u0105 tak\u017ce zaj\u0119ciami rewalidacyjnymi ze specjalistami, zaj\u0119ciami z terapii logopedycznej, zaj\u0119ciami z elementami terapii sensorycznej, zaj\u0119ciami z zakresu terapii r\u0119ki, zaj\u0119ciami z elementami Metody Ruchu Rozwijaj\u0105cego W. Sherborne, zaj\u0119ciami z wykorzystaniem programu aktywno\u015bci Knill\u00f3w, zaj\u0119ciami specjalistycznymi odbywaj\u0105cymi si\u0119 w Sali do\u015bwiadczania \u015bwiata.<\/p>\n<p>Jednocze\u015bnie staramy si\u0119 tak\u017ce zwi\u0119ksza\u0107 kompetencje wychowawcze rodzic\u00f3w dzieci ze specjalnymi potrzebami edukacyjnymi poprzez utworzenie i ci\u0105g\u0142e wzbogacanie ksi\u0119gozbioru zawieraj\u0105cego pozycje z zakresu pedagogiki korekcyjnej i specjalnej.<\/p>\n","protected":false},"excerpt":{"rendered":"<p>Integracja \u2013 w szerokim znaczeniu wyra\u017ca si\u0119 w takim wzajemnym stosunku pe\u0142no \u2013 i niepe\u0142nosprawnych, w kt\u00f3rym s\u0105 respektowane takie same prawa, licz\u0105 si\u0119 takie same warto\u015bci, w kt\u00f3rych stwarza&hellip;<\/p>\n<div class=\"read-more\"><a href=\"https:\/\/pp32wloclawek.pl\/?page_id=1800\" class=\"read-more-link\">czytaj wi\u0119cej&#8230;<\/a><\/div>\n","protected":false},"author":1,"featured_media":0,"parent":594,"menu_order":2,"comment_status":"closed","ping_status":"closed","template":"","meta":{"two_page_speed":[],"footnotes":""},"class_list":["post-1800","page","type-page","status-publish","hentry"],"_links":{"self":[{"href":"https:\/\/pp32wloclawek.pl\/index.php?rest_route=\/wp\/v2\/pages\/1800","targetHints":{"allow":["GET"]}}],"collection":[{"href":"https:\/\/pp32wloclawek.pl\/index.php?rest_route=\/wp\/v2\/pages"}],"about":[{"href":"https:\/\/pp32wloclawek.pl\/index.php?rest_route=\/wp\/v2\/types\/page"}],"author":[{"embeddable":true,"href":"https:\/\/pp32wloclawek.pl\/index.php?rest_route=\/wp\/v2\/users\/1"}],"replies":[{"embeddable":true,"href":"https:\/\/pp32wloclawek.pl\/index.php?rest_route=%2Fwp%2Fv2%2Fcomments&post=1800"}],"version-history":[{"count":2,"href":"https:\/\/pp32wloclawek.pl\/index.php?rest_route=\/wp\/v2\/pages\/1800\/revisions"}],"predecessor-version":[{"id":1903,"href":"https:\/\/pp32wloclawek.pl\/index.php?rest_route=\/wp\/v2\/pages\/1800\/revisions\/1903"}],"up":[{"embeddable":true,"href":"https:\/\/pp32wloclawek.pl\/index.php?rest_route=\/wp\/v2\/pages\/594"}],"wp:attachment":[{"href":"https:\/\/pp32wloclawek.pl\/index.php?rest_route=%2Fwp%2Fv2%2Fmedia&parent=1800"}],"curies":[{"name":"wp","href":"https:\/\/api.w.org\/{rel}","templated":true}]}}